 (base 16) in base 15?
5617c
Convert 1163327 (base 8) to base 5.
40234424
Convert -1033002124 (base 5) to base 8.
-10414450
What is -24423101 (base 5) in base 9?
-384428
-165680 (base 9) to base 8
-310332
What is 11144777 (base 9) in base 16?
527278
-1100011010101001100110 (base 2) to base 10
-3254886
What is 233344213 (base 5) in base 14?
1dda4d
What is 21405324 (base 6) in base 14?
128b52
152145 (base 8) to base 16
d465
5646064 (base 7) to base 11
439577
10423313140 (base 5) to base 7
200050120
Convert 2245525 (base 7) to base 13.
9a897
Convert 2589012 (base 10) to base 15.
3621ac
-457056 (base 8) to base 7
-1214266
101101101000010000 (base 2) to base 7
1405613
Convert 1146425 (base 8) to base 7.
2450222
-2032002213 (base 4) to base 14
-112051
3311 (base 13) to base 5
211422
4a5b64 (base 15) to base 9
6630704
What is 21001010002 (base 3) in base 11?
95144
What is 387942 (base 10) in base 4?
1132231212
What is 429162 (base 10) in base 13?
120456
What is -5613470 (base 8) in base 13?
-40ca37
What is -2410003 (base 6) in base 7?
-1032342
310301310 (base 5) to base 16
13383c
-7b289 (base 16) to base 15
-9e707
Convert -14141214 (base 5) to base 16.
-23c02
-aca50 (base 15) to base 12
-225903
Convert -10000011101010000111100 (base 2) to base 5.
-2101023142
-22e (base 15) to base 14
-274
What is 166400333 (base 7) in base 3?
210121012201012
231882 (base 9) to base 10
139232
-885266 (base 9) to base 4
-2001011223
What is 444755 (base 10) in base 12?
19546b
Convert 11002001222010 (base 3) to base 12.
885970
-2001200120121 (base 3) to base 12
-44a3a4
What is 6351655 (base 7) in base 15?
102cb7
What is 6068 (base 12) in base 15?
3168
Convert -25114404 (base 6) to base 3.
-1111210211111
What is -41012102 (base 6) in base 8?
-4351446
What is 102212012222 (base 3) in base 7?
1661405
What is -276a73 (base 13) in base 12?
-3a211b
Convert -100110100011011110 (base 2) to base 5.
-20023133
What is -a47a7 (base 14) in base 11?
-251016
-1001101000000010111 (base 2) to base 5
-40043130
Convert -236612 (base 7) to base 3.
-2012020012
211000232032 (base 4) to base 11
5527520
Convert 2155341 (base 6) to base 7.
632101
2d945b (base 15) to base 13
5c4164
Convert -1510534 (base 9) to base 16.
-cb893
What is 2c5ca5 (base 13) in base 2?
100001100001011100010
Convert 1111001001111001 (base 2) to base 16.
f279
13223140 (base 5) to base 9
222288
-2343660 (base 7) to base 2
-1001000011011110000
What is 657a179 (base 12) in base 14?
27cdb53
What is -3907 (base 14) in base 9?
-14644
What is 325510 (base 7) in base 14?
16bb0
Convert -457c1 (base 13) to base 7.
-1035002
Convert -18a816 (base 13) to base 14.
-12312a
Convert 34115441 (base 6) to base 16.
fd1d1
1b24a39 (base 14) to base 11
77053a7
Convert 152060 (base 11) to base 15.
4a33e
517541 (base 11) to base 13
230958
-98a37 (base 12) to base 11
-128794
201211221102 (base 3) to base 10
390701
What is 50080 (base 9) in base 7?
164565
What is 4074645 (base 8) in base 7?
12114602
What is -11110227 (base 8) in base 2?
-1001001001000010010111
-153340 (base 6) to base 5
-440121
-5556428 (base 10) to base 15
-74b538
What is -133231332202 (base 4) in base 9?
-16572661
1892b (base 13) to base 4
23221033
Convert 101001000001001010001 (base 2) to base 6.
44450333
What is -10010001001011110001001 (base 2) in base 4?
-102021132021
1111101001010100 (base 2) to base 13
23227
Convert 3314210434 (base 5) to base 3.
111111201120001
21112014 (base 5) to base 15
371a9
What is 10100110111010001101 (base 2) in base 12?
28b779
101143011 (base 5) to base 11
261809
Convert -122155 (base 10) to base 2.
-11101110100101011
-1200114324 (base 5) to base 13
-74b754
Convert 43662 (base 10) to base 11.
2a893
What is -80953 (base 13) in base 16?
-382bd
-12121102210001 (base 3) to base 13
-804952
What is 101344 (base 5) in base 14?
1313
What is -8512717 (base 9) in base 8?
-21301157
130402312 (base 6) to base 7
30453353
Convert -303110202020 (base 4) to base 10.
-13453448
107700 (base 10) to base 8
322264
Convert 14762 (base 10) to base 15.
4592
What is -112726c (base 13) in base 3?
-100220210111101
2ca70 (base 15) to base 16
232e9
11494164 (base 10) to base 6
1050205420
Convert 303034 (base 12) to base 16.
b7868
What is 204040431 (base 5) in base 8?
3165036
Convert 4600446 (base 8) to base 9.
2307424
361920 (base 11) to base 4
2030000001
Convert 1746512 (base 8) to base 3.
221222101021
376a3a (base 11) to base 12
248313
Convert 1a790ab (base 12) to base 3.
101121021221212
What is -8291 (base 10) in base 14?
-3043
Convert 302020201 (base 6) to base 11.
2997963
What is -14744a (base 13) in base 16?
-7a796
-6404365 (base 8) to base 13
-479805
2179018 (base 11) to base 13
a3917c
What is -10b529b (base 12) in base 8?
-14227127
Convert -133052532 (base 6) to base 11.
-1561425
Convert 41bb9 (base 13) to base 11.
80aa4
What is 1c4e9 (base 15) in base 3?
11200112110
6430c5 (base 13) to base 12
953296
76620 (base 9) to base 7
301056
Convert 102102222221 (base 3) to base 2.
110110111111101011
What is -34224322 (base 5) in base 12?
-128596
11100000010100000 (base 2) to base 3
12211112122
-5331442 (base 6) to base 15
-52472
Convert 578cb (base 13) to base 16.
26fd7
cb6 (base 14) to base 11
1984
What is 713632 (base 8) in base 7?
2000231
11034133323 (base 5) to base 2
101101110110110101100000
44401262 (base 7) to base 6
214050545
-1c353 (base 13) to base 7
-320544
What is 1010323 (base 6) in base 11?
33135
-20120121122 (base 3) to base 4
-133213022
Convert 2201110012 (base 4) to base 11.
411475
What is -101101111111111110001111 (base 2) in base 4?
-231333332033
-2a1943 (base 16) to base 12
-b1076b
What is -3b686 (base 12) in base 7?
-461412
-110221012111 (base 3) to base 14
-68ab7
Convert -216c4 (base 15) to base 10.
-106159
What is -6d833 (base 16) in base 10?
-448563
Convert 1954c (base 15) to base 7.
461433
Convert -8f567 (base 16) to base 10.
-587111
Convert 132414434 (base 5) to base 4.
2203210222
Convert 8a6fbb (base 16) to base 7.
140054434
What is -2478650 (base 10) in base 13?
-68a275
Convert 1000010101111001110 (base 2) to base 7.
2215651
Convert 1352a4 (base 12) to base 8.
1161134
What is -113442 (base 8) in base 16?
-9722
What is 1110211111 (base 3) in base 7?
150442
-35d82 (base 16) to base 2
-110101110110000010
Convert 6570024 (base 9) to base 13.
967882
-1101111000110001000110 (base 2) to base 11
-2067096
What is 3612245 (base 7) in base 4?
1233210233
-1100110011000001111 (base 2) to base 12
-182813
Convert -53224012 (base 6) to base 9.
-2835068
-bca2 (base 13) to base 5
-1320302
10138 (base 13) to base 7
146620
What is -7966489 (base 10) in base 7?
-124466626
Convert 14707a (base 11) to base 16.
37e9b
Convert 48b991 (base 14) to base 4.
21200011023
-6438722 (base 9) to base 14
-65b8c0
Convert 2677711 (base 8) to base 15.
ed459
What is -e6d0 (base 16) in base 12?
-2a240
Convert 85646 (base 14) to base 4.
1032223232
Convert 12312121202 (base 4) to base 14.
34a590
Convert -b27f (base 16) to base 8.
-131177
142144 (base 7) to base 10
27178
Convert 214134 (base 10) to base 7.
1551204
Convert 605586 (base 13) to base 2.
1000100010110011010010
What is -2b964 (base 15) in base 14?
-392b4
3356cc (base 15) to base 6
124251133
Convert 125676 (base 9) to base 8.
225123
Convert 2424012 (base 6) to base 13.
4628c
-110011000101101101110 (base 2) to base 5
-412032334
What is -406465 (base 7) in base 10?
-69529
What is -4046353 (base 9) in base 13?
-5a684c
What is 1ee75 (base 15) in base 4?
120230033
-67882 (base 10) to base 5
-4133012
What is -61bb6 (base 12) in base 8?
-371572
Convert -61b81 (base 14) to base 3.
-102222001120
What is -27b9cb (base 13) in base 14?
-1b2c92
What is -3403011 (base 5) in base 2?
-1110100101101100
What is 8a0324 (base 11) in base 16?
15e647
-9ecbe (base 15) to base 11
-315a87
Convert 1030453 (base 6) to base 16.
c621
What is 326426 (base 7) in base 8?
160231
-61256501 (base 7) to base 16
-4dec8e
Convert 101010100000001000011001 (base 2) to base 12.
3893875
What is -10000010100110011100 (base 2) in base 14?
-dcd40
1053381 (base 14) to base 4
131133111311
Convert -132148 (base 9) to base 14.
-213ab
Convert -43898 (base 12) to base 8.
-256464
Convert 1405661 (base 10) to base 3.
2122102012112
What is 4a36601 (base 12) in base 8?
67253341
What 